en j*(-1 - 43/(-2) - 4) is divided by u?
9
Let b(a) = 10*a**2 + 175*a - 15. Suppose -5*s - 51 = -2*k, 1 = s - 4. Calculate the remainder when b(-18) is divided by k.
37
Let f = 26 - 26. Suppose -3*v + 28 = 5*l, f = 4*l - 5*v + 2*v - 17. Suppose -50 = -0*k - l*k. What is the remainder when 15 is divided by k?
5
Let b = 151 - 105. What is the remainder when b is divided by 68/(-12) - (-18)/27 - -12?
4
Let v(k) = -k + 25. What is the remainder when 572 is divided by v(0)?
22
Suppose 0 = -0*m - 2*m - u + 319, -5*m - 4*u + 805 = 0. Calculate the remainder when m is divided by 54.
49
Suppose 0 = 8*u - 5*u - 48. Calculate the remainder when 93 is divided by u.
13
Suppose -s + 207 = 8*s. Let i = 54 - s. Calculate the remainder when i is divided by 34*(0 + (-1)/(-2)).
14
Let n(v) be the second derivative of -v**4/12 - 5*v**3/3 + 23*v**2 - 5*v + 2. What is the remainder when 137 is divided by n(-11)?
32
Suppose 4*y - 30 = -3*m + 280, -2*m - 2*y + 206 = 0. Suppose 0*v = -3*v + m. Let b(j) = -2*j - 5. Calculate the remainder when v is divided by b(-7).
7
Let w = 82 - 83. What is the remainder when 96 is divided by ((-3)/((-36)/3))/(w/(-28))?
5
Let v(u) = -10*u + 2. Calculate the remainder when ((-94)/(-4))/(-2 + 20/8) is divided by v(-1).
11
Let y(x) = 2*x**3 + 17*x**2 + 5*x + 5. Calculate the remainder when (-688)/(-6) - (38/(-6) + 6) is divided by y(-8).
28
Suppose -6*h + 8*h - 4*c = 86, 5*c + 215 = 5*h. Calculate the remainder when 163 is divided by h.
34
Let w = 11 + -14. What is the remainder when 86 is divided by (w - -4) + 0 + 1*21?
20
Suppose -34 = -v + 3*g, 4*g = -3*v + 6*g + 67. What is the remainder when 604 is divided by v?
15
Suppose -4*m - 3*i - 1794 = -7*m, -m + 4*i + 601 = 0. Calculate the remainder when m is divided by 23.
22
Let o(k) = 3*k + 3. What is the remainder when (-6)/21 - 163/(-7) is divided by o(1)?
5
Let s = 42 - 39. Suppose -90 = -3*q + s. What is the remainder when 89 is divided by q?
27
Suppose -5*l + 5*a = -100, -4*a = 2*l + 2 - 66. Let n = -1396 - -1412. Calculate the remainder when l is divided by n.
8
Suppose y + 128 = 4*c - 129, 0 = c - 5*y - 88. Let t(b) = -11*b**2 - b + 2. Let a be t(2). Let f = a + c. Calculate the remainder when 36 is divided by f.
17
Suppose -4*d - 34 = -0*u - 2*u, -5*d - 33 = -2*u. Let f(r) = 3*r + 6. Let h be f(7). Let x = u + h. What is the remainder when x is divided by 24?
22
Suppose -3 = 3*x + 3. Let i = 104 + x. Let r = i - 50. Calculate the remainder when r is divided by 18.
16
Suppose 0 = 8*i - 6*i - 514. What is the remainder when i is divided by 37?
35
Suppose -6*r - 112 - 14 = 0. Let t(b) = b**3 + 20*b**2 - 24*b - 18. What is the remainder when 133 is divided by t(r)?
43
Let x = -272 + 308. What is the remainder when 38 is divided by x?
2
Suppose 10*c - 8*c - 179 = -5*k, k + 4*c - 43 = 0. Calculate the remainder when 50 is divided by k.
15
Calculate the remainder when ((-308)/2)/(3/(-27)*6) is divided by 58.
57
Suppose -7*k + 376 = -2*k - 3*a, 5*k - a - 372 = 0. Let q = -33 + k. Calculate the remainder when q is divided by 21.
20
Suppose -3*v + 2*n + 4 = -2, -n + 3 = 0. Suppose 4*h - 74 - 10 = -v*z, h - 20 = -2*z. Calculate the remainder when 130 is divided by h.
20
Let f(q) = 2*q + 7. Suppose -16 + 26 = 2*v. Suppose v*w = w + 52. Calculate the remainder when f(9) is divided by w.
12
Let q(k) = k - 6. Suppose -2*v + 36 = 3*f - 7*v, -4*f - 2*v + 22 = 0. Let b be q(f). Let u = b + 20. Calculate the remainder when u is divided by 6.
3
Let g = 10 - 15. Let j = 7 + g. Suppose -60 = j*a - 5*a. What is the remainder when 77 is divided by a?
17
Let p(l) = 6*l + 2*l - 7*l. Let j be p(3). Suppose 2*t = -j*t + 15. Calculate the remainder when t is divided by 3.
0
Suppose 16 = 2*q - 4*l, -2*q + 6 = 4*l - 2. Suppose q*u = -8*u + 182. Calculate the remainder when u is divided by 12.
1
Let c(q) = -q**3 - 30*q**2 + 2. Let m be c(-30). Suppose -y - m*p = -4*p + 4, 3*y - 4*p + 4 = 0. What is the remainder when 25 is divided by y?
1
Let s(q) = 2*q**2 - 11*q - 4. Let o be s(8). Let z = 66 - o. What is the remainder when (-3 - (-55 - 7))/(4/8) is divided by z?
28
Suppose 36 + 92 = 16*s. Suppose 0 = -3*k - 81 + 339. What is the remainder when k is divided by s?
6
Let p = 97 - 25. Calculate the remainder when 1 + -1 + 1 - 64/(-2) is divided by ((-2)/6)/((-2)/p).
9
Let v = 499 + -423. What is the remainder when 139 is divided by v?
63
Let n(j) = 2*j**3 - 19*j**2 + 43*j + 7. Calculate the remainder when 43 is divided by n(6).
4
Suppose -2*d + 2 = 0, q - d = 4*d + 15. Let j(b) = -86 + 85*b - 35*b - 42*b. What is the remainder when j(20) is divided by q?
14
Suppose 0 = 4*j + g - 774, j + 3*g - 81 - 118 = 0. What is the remainder when j is divided by 51?
40
Let f = 374 - 367. Calculate the remainder when 40 is divided by f.
5
Let r(q) = -q**3 + 10*q**2 - 7*q - 16. Let k be r(9). Suppose -4*m - 63 = -4*v - 3*m, k*m = -5*v + 95. Calculate the remainder when 66 is divided by v.
15
Let p(n) = n**3 + 2*n**2 - 5. Let b be p(0). Let s = b + 12. Calculate the remainder when 40 is divided by s.
5
Suppose -4*o + 53 = i + 8, 2*i + 2*o - 66 = 0. Suppose -i - 21 = -t. Suppose -44 - 21 = -5*b. What is the remainder when t is divided by b?
11
Let u = -460 - -507. What is the remainder when 89 is divided by u?
42
Let q = 506 - 406. Calculate the remainder when q is divided by 13.
9
Suppose -3*x - 60 = -2*z, -3*x + 4*x = 3*z - 90. Calculate the remainder when z is divided by 3/((-54)/(-140)) - 16/(-72).
6
Suppose 5*o - 48 = 3*o. What is the remainder when 47 is divided by o?
23
Let k(n) = -n**3 - 9*n**2 + 8*n + 13. Let c be k(-6). Let z = -95 - c. What is the remainder when z is divided by 13?
9
Let z(i) = -i**2 + 9*i + 3. Let n be (0 - (-2)/(-4))*-18. Let q be z(n). Let s = 15 + q. What is the remainder when 89 is divided by s?
17
Let a be 140/(-8)*(-2)/5. Suppose -6*v = -a*v + 2. What is the remainder when 7 is divided by v?
1
Suppose 69*u - 73*u = -52. What is the remainder when 232 is divided by u?
11
Suppose 3 = 3*w + 2*l + 1, -l = w - 2. Let a be 52 + 0*w/6. Suppose 0 = -4*u - 0 + a. Calculate the remainder when u is divided by 9.
4
Let t(l) = 3*l - 20. Let y be t(8). Suppose -y*x - 12 + 342 = 2*u, 5*u - 837 = 2*x. Calculate the remainder when u is divided by 42.
41
Let g(n) = n**2 - 14*n + 27. Let z be g(12). Calculate the remainder when 43 is divided by 16 - 17 - z*-4.
10
Suppose 3*w - 10 = -2*w. Suppose 0 = 2*s + s + w*k - 79, 55 = 2*s - k. Suppose p = -4*p + 30. Calculate the remainder when s is divided by p.
3
Suppose 28 = 5*r - 27. Suppose -4*c + 95 = r. What is the remainder when c is divided by (-47)/(-6) + (-2)/(-12)?
5
Let o = 708 - 440. What is the remainder when o is divided by 9?
7
Suppose 0 = -4*j - 162 - 158. Let n = j - -149. Calculate the remainder when n is divided by 12.
9
Calculate the remainder when (76/(-10))/(6/(-330)) is divided by 35.
33
Let s = -665 - -677. What is the remainder when 175/3 - (-2)/(-6) is divided by s?
10
Let f(n) = n**2 + 6*n. Let u be f(-6). Let t(g) = -g**2 - g - 13. Let b be t(u). Let z = 22 + b. Calculate the remainder when 33 is divided by z.
6
Suppose -4*n + 5*a = -20, -n - 6 - 10 = 4*a. Suppose n*i = -6*i + 138. Calculate the remainder when i is divided by 4.
3
Suppose 2*w - 664 = -5*f, 3*w + 394 = 3*f + 2*w. Let b = f - 94. Calculate the remainder when 149 is divided by b.
35
Suppose 3*h = 1 + 11. Let a be h/(-6)*(-99)/22. Suppose -29 = -2*g + t - 0*t, a*g + 2*t - 33 = 0. Calculate the remainder when 25 is divided by g.
12
Let k = -384 + 448. Calculate the remainder when k is divided by 7.
1
Suppose 0 = -3*h, 9*g - 6*g + 5*h - 48 = 0. Calculate the remainder when g is divided by 0 + 1 - 1/((-1)/9).
6
Suppose 3904 = 5*p + 1164. What is the remainder when p is divided by 24?
20
Suppose -3*k = -6*k. Let r(v) = k - 2*v - 4*v + 1 + 5*v. What is the remainder when 30 is divided by r(-7)?
6
Suppose -1483 = -7*i + 316. Suppose i = 4*u - a, 0 = -a + 4*a + 15. What is the remainder when u is divided by 16?
15
Suppose -2*u = -7*t + 2*t - 52, -3*u + 78 = t. Let y = -22 + u. Suppose y*w + 0 - 44 = 0. Calculate the remainder when 31 is divided by w.
9
Suppose n = -3*d + 3, -4*n = 4*d + 2 - 6. Let v(k) = -17*k. Let w(i) = i. Let a(s) = d*v(s) + 4*w(s). What is the remainder when 63 i